-5017763 (base 9) to base 3
-12000121212010
What is -21484 (base 14) in base 13?
-2a826
What is -57706 (base 8) in base 12?
-12232
-31211233303 (base 4) to base 2
-1101100101101111110011
152687a (base 13) to base 15
8d6756
Convert 100001101111110101 (base 2) to base 4.
201233311
What is -1d9db (base 15) in base 14?
-27375
Convert 1e003a (base 16) to base 14.
392746
What is 24143210 (base 7) in base 4?
20023233023
1057165 (base 9) to base 10
569489
1142262 (base 7) to base 2
100011010111111000
2015051 (base 6) to base 4
113113213
What is 324181 (base 12) in base 15?
10a8d1
What is 237511 (base 12) in base 11?
361308
Convert 2945dd (base 14) to base 10.
1433543
What is -1745 (base 9) in base 10?
-1337
What is 1002312101 (base 4) in base 10?
273809
-17856d (base 14) to base 2
-11001010100101000101
What is -84a97 (base 14) in base 16?
-4e38d
11001000011 (base 2) to base 6
11231
Convert 5261470 (base 8) to base 5.
324323111
What is 178190 (base 10) in base 9?
301378
Convert -5535255 (base 6) to base 14.
-73067
What is -102220002001 (base 3) in base 4?
-321021100
16120341 (base 7) to base 6
53125330
-46a1153 (base 11) to base 4
-133102010112
Convert -12064287 (base 9) to base 7.
-101023162
-111111222200 (base 3) to base 9
-444880
What is -1fd04d (base 16) in base 3?
-10220221000001
What is -10100100001100001 (base 2) in base 5?
-10142230
What is -12121111101 (base 3) in base 14?
-2c368
What is -3004042 (base 6) in base 8?
-423072
Convert 42132424 (base 6) to base 11.
767660
Convert 123333311 (base 4) to base 5.
12132202
-11000001011000010000110 (base 2) to base 13
-140b2c4
What is 8b0b28 (base 13) in base 2?
1100100010010110001000
Convert 310110202 (base 4) to base 5.
23324211
Convert 46434 (base 10) to base 16.
b562
What is b24556 (base 12) in base 15?
3a089c
Convert 101022011002 (base 3) to base 2.
110001100000010100
33002043 (base 5) to base 6
10011203
What is 7583c (base 15) in base 7?
3112530
What is 10020210222 (base 3) in base 12?
31068
-56616461 (base 7) to base 2
-10010110011011001111101
Convert -2b89d4 (base 16) to base 7.
-33152516
Convert 3d61bb (base 16) to base 14.
76a00b
Convert -30531513 (base 7) to base 16.
-2719a1
Convert 100000110011000010111 (base 2) to base 7.
12064161
Convert -845017 (base 9) to base 13.
-147823
Convert -243636 (base 8) to base 15.
-19cb5
What is -52a320 (base 14) in base 12?
-b28aa0
-2201012222012 (base 3) to base 5
-332104321
-4b0293 (base 15) to base 4
-31231223103
Convert 1317067 (base 8) to base 13.
cb77a
579e63 (base 16) to base 6
323024055
-1517300 (base 8) to base 10
-433856
Convert 2121210122112 (base 3) to base 16.
1543b8
Convert -572484 (base 9) to base 12.
-14661a
Convert 11230322222 (base 4) to base 13.
40444a
-11b942 (base 13) to base 9
-717724
Convert 678a94 (base 13) to base 11.
1421581
Convert -3986c4 (base 13) to base 14.
-28262a
Convert -4a16c (base 14) to base 9.
-305741
Convert -1488300 (base 9) to base 12.
-33a160
-26334d (base 14) to base 13
-370735
What is -221002200122 (base 3) in base 16?
-789d4
What is 444525 (base 6) in base 13?
14000
Convert 36ba3 (base 15) to base 7.
1325325
What is -2b0640 (base 13) in base 12?
-4301bb
-7ae81d (base 15) to base 7
-100621324
-1b464 (base 12) to base 15
-be81
Convert -504647 (base 10) to base 8.
-1731507
What is -42056 (base 10) in base 11?
-29663
-2d597 (base 14) to base 4
-123233101
What is 44103433 (base 6) in base 15?
1ae93c
What is 21750d (base 14) in base 5?
242244030
What is -160207 (base 8) in base 13?
-20216
Convert -234424301 (base 5) to base 13.
-2c3329
What is 9c463b (base 15) in base 6?
423454045
What is -1213323222 (base 4) in base 12?
-186436
What is -23d4 (base 15) in base 16?
-1dc8
-1121103000 (base 4) to base 11
-22a88a
What is -1113013211 (base 4) in base 15?
-70ae2
Convert 64575 (base 12) to base 6.
2455425
What is 100101110001100001 (base 2) in base 7?
1213040
-1100110001011110011010 (base 2) to base 13
-9030b7
What is -339db (base 15) in base 16?
-28187
Convert -91013 (base 15) to base 14.
-bd3d0
-67539 (base 12) to base 9
-228270
What is 3b8ca1 (base 15) in base 7?
33231223
What is -34301314 (base 5) in base 15?
-60c09
Convert 1010010000011100101 (base 2) to base 8.
1220345
4726394 (base 10) to base 11
2739012
What is 213c2 (base 15) in base 6?
2132202
What is 1011100001000110011 (base 2) in base 14?
9b76b
Convert 179e3f (base 16) to base 13.
4226a7
What is -60250056 (base 7) in base 15?
-687913
1102133112 (base 4) to base 2
1010010011111010110
What is -1110011010100111011100 (base 2) in base 16?
-39a9dc
11101001010111011 (base 2) to base 3
20001220022
Convert 9742c (base 16) to base 6.
21140204
-10001000101110111000101 (base 2) to base 13
-c0b473
Convert -1639843 (base 10) to base 16.
-1905a3
27559 (base 14) to base 3
11221012021
Convert -43112 (base 8) to base 13.
-8262
-5146265 (base 7) to base 15
-c2b8e
130685 (base 10) to base 13
47639
e3186 (base 16) to base 8
3430606
What is -26b981 (base 13) in base 9?
-1682071
Convert -11240344 (base 5) to base 15.
-205ee
Convert 1121112202 (base 3) to base 2.
111110000000001
-23295a (base 13) to base 12
-342957
211c (base 14) to base 4
1121032
What is -1b988 (base 16) in base 8?
-334610
Convert 41212000 (base 5) to base 14.
8a266
Convert 2673b0 (base 15) to base 8.
7027265
Convert -45982b (base 14) to base 4.
-21002202033
What is 1020012121002 (base 3) in base 14?
1302b0
297423 (base 10) to base 15
5d1d3
Convert 675046 (base 11) to base 13.
2b86b8
-2064750 (base 9) to base 11
-695871
What is 525c9 (base 14) in base 8?
604105
What is -11123022123 (base 4) in base 13?
-3aa310
Convert -311221101 (base 5) to base 8.
-4666674
What is -45898 (base 16) in base 6?
-10034344
What is -3dd1a7 (base 15) in base 11?
-1756332
What is a45396 (base 14) in base 9?
11383134
What is 4e7a74 (base 15) in base 5?
1431202414
What is 22435304 (base 7) in base 16?
1de319
147c630 (base 13) to base 14
c231c9
Convert -4b3740 (base 16) to base 14.
-9245a0
-102809 (base 13) to base 8
-1340330
-1125563 (base 8) to base 13
-a93b2
Convert -100010111001110101 (base 2) to base 9.
-237100
Convert 102303333 (base 4) to base 14.
2011d
11011100010111101111 (base 2) to base 14
196d43
Convert 1104011422 (base 5) to base 6.
123332012
What is -721040 (base 11) in base 12?
-47a192
Convert -27822 (base 15) to base 7.
-1035260
3201456 (base 7) to base 6
12144153
120035 (base 12) to base 10
290345
What is -3101434 (base 6) in base 5?
-14220001
Convert -31e251 (base 15) to base 6.
-122534234
7585475 (base 10) to base 6
430325535
Convert 1087680 (base 9) to base 14.
114c18
2111032 (base 7) to base 14
68c52
Convert -210212022122 (base 3) to base 7.
-3441434
What is -14379a (base 12) in base 16?
-528a6
12000211112110 (base 3) to base 12
a8b2a9
Convert 10606a9 (base 13) to base 5.
2234434303
-130a05 (base 15) to base 7
-10523165
Convert -181a06 (base 16) to base 8.
-6015006
2b64bb5 (base 13) to base 9
28165578
Convert 1100110100110011000100 (base 2) to base 11.
1996a03
Convert -3424415 (base 6) to base 13.
-61682
What is -55446654 (base 7) in base 2?
-10010010000010000011111
10121010112 (base 3) to base 7
413303
Convert 233000221 (base 5) to base 13.
2b2846
Convert -111110101010000110110 (base 2) to base 12.
-83021a
What is -1b541c (base 14) in base 7?
-11200235
Convert -21cca81 (base 13) to base 10.
-10395802
11015644 (base 7) to base 6
32133534
468376 (base 9) to base 4
1010301222
Convert -220231021 (base 4) to base 12.
-805a1
1322302023 (base 4) to base 16
7ac8b
What is -765714 (base 14) in base 12?
-141499a
Convert -4811de (base 15) to base 11.
-1a44299
Convert 1304203 (base 6) to base 9.
117253
329583 (base 10) to base 7
2541612
-715515 (base 11) to base 3
-2011101111201
Convert -1006507 (base 10) to base 6.
-33323431
Convert -440506 (base 8) to base 9.
-244642
What is -21001120120220 (base 3) in base 4?
-32103303132
What is -4e81a (base 15) in base 5?
-31022300
Convert 5217860 (base 10) to base 6.
303500432
What is 13755 (base 10) in base 9?
20773
Convert 210033221321 (base 4) to base 10.
9501305
Convert -11011101101111110110 (base 2) to base 9.
-1633827
What is -1210012202010 (base 3) in base 9?
-1705663
Convert 126501026 (base 7) to base 10.
8202179
-865258 (base 12) to base 2
-1000000110100100100100
Convert -30cc1 (base 